{"id":6997,"date":"2025-10-06T02:08:41","date_gmt":"2025-10-06T02:08:41","guid":{"rendered":"https:\/\/nerddebigode.com.br\/?post_type=product&#038;p=6997"},"modified":"2025-10-06T02:11:16","modified_gmt":"2025-10-06T02:11:16","slug":"geninho-e-geninho-translucido","status":"publish","type":"product","link":"https:\/\/nerddebigode.com.br\/?product=geninho-e-geninho-translucido","title":{"rendered":"GENINHO E GENINHO TRANSL\u00daCIDO"},"content":{"rendered":"<p><strong>GENINHO E GENINHO TRANSL\u00daCIDO<\/strong><\/p>\n<p>ALTURA<\/p>\n<p><strong>7cm<\/strong><\/p>\n<p>&nbsp;<\/p>\n<p>ARTICULA\u00c7\u00c3O<br \/>\n<strong>cabe\u00e7a \/ cauda<\/strong><\/p>\n<p>&nbsp;<\/p>\n<p>ENVIO<br \/>\n<strong>15 dias \u00fateis<\/strong><\/p>\n<p><strong>N\u00c3O ACOMPANHA ACESS\u00d3RIOS<\/strong><\/p>\n\n    <div class=\"xs_social_share_widget xs_share_url after_content \t\tmain_content  wslu-style-1 wslu-share-box-shaped wslu-fill-colored wslu-none wslu-share-horizontal wslu-theme-font-no wslu-main_content\">\n\n\t\t\n        <ul>\n\t\t\t        <\/ul>\n    <\/div> \n","protected":false},"excerpt":{"rendered":"<p><span dir=\"auto\">Neste Kit temos as duas vers\u00f5es do Geninho (Loo-Kee): a Colorida e tamb\u00e9m a vers\u00e3o Transl\u00facida que simula sua camuflagem.<\/span><\/p>\n<hr \/>\n<p><span dir=\"auto\">Geninho (Loo-Kee) acompanha <\/span><span dir=\"auto\">She-Ra<\/span><span dir=\"auto\">\u00a0e os outros membros da\u00a0<\/span><span class=\"new\" title=\"Grande Rebeli\u00e3o (Filmation) (p\u00e1gina n\u00e3o existe)\" data-uncrawlable-url=\"L3dpa2kvR3JlYXRfUmViZWxsaW9uXyhGaWxtYXRpb24pP2FjdGlvbj1lZGl0JnJlZGxpbms9MQ==\"><span dir=\"auto\">Rebeli\u00e3o<\/span><\/span><span dir=\"auto\"> , escondido atr\u00e1s de \u00e1rvores, arbustos e outros objetos. <\/span><\/p>\n<p><span dir=\"auto\">No final de quase todos os epis\u00f3dios, Geninho (Loo-Kee) reaparece e pergunta aos espectadores se eles viram onde ele estava escondido. Ele ent\u00e3o revela onde estava escondido e conta a moral da hist\u00f3ria. Al\u00e9m disso, o personagem faz apenas duas apari\u00e7\u00f5es &#8220;completas&#8221; ao longo de toda a s\u00e9rie.\u00a0<\/span><\/p>\n<p><span dir=\"auto\">Geninho (Loo-Kee) tem a distin\u00e7\u00e3o de ser um dos tr\u00eas \u00fanicos personagens n\u00e3o nomeados nos cr\u00e9ditos de abertura de nenhuma das s\u00e9ries (os outros s\u00e3o <\/span><span dir=\"auto\">Zodac<\/span><span dir=\"auto\"> e Vassourito<\/span><span dir=\"auto\">) a conhecer as verdadeiras identidades de He-Man e She-Ra.<\/span><\/p>\n","protected":false},"featured_media":6993,"comment_status":"open","ping_status":"closed","template":"","meta":[],"product_brand":[],"product_cat":[17],"product_tag":[],"class_list":{"0":"post-6997","1":"product","2":"type-product","3":"status-publish","4":"has-post-thumbnail","6":"product_cat-she-ra","8":"first","9":"onbackorder","10":"shipping-taxable","11":"purchasable","12":"product-type-simple"},"_links":{"self":[{"href":"https:\/\/nerddebigode.com.br\/index.php?rest_route=\/wp\/v2\/product\/6997","targetHints":{"allow":["GET"]}}],"collection":[{"href":"https:\/\/nerddebigode.com.br\/index.php?rest_route=\/wp\/v2\/product"}],"about":[{"href":"https:\/\/nerddebigode.com.br\/index.php?rest_route=\/wp\/v2\/types\/product"}],"replies":[{"embeddable":true,"href":"https:\/\/nerddebigode.com.br\/index.php?rest_route=%2Fwp%2Fv2%2Fcomments&post=6997"}],"wp:featuredmedia":[{"embeddable":true,"href":"https:\/\/nerddebigode.com.br\/index.php?rest_route=\/wp\/v2\/media\/6993"}],"wp:attachment":[{"href":"https:\/\/nerddebigode.com.br\/index.php?rest_route=%2Fwp%2Fv2%2Fmedia&parent=6997"}],"wp:term":[{"taxonomy":"product_brand","embeddable":true,"href":"https:\/\/nerddebigode.com.br\/index.php?rest_route=%2Fwp%2Fv2%2Fproduct_brand&post=6997"},{"taxonomy":"product_cat","embeddable":true,"href":"https:\/\/nerddebigode.com.br\/index.php?rest_route=%2Fwp%2Fv2%2Fproduct_cat&post=6997"},{"taxonomy":"product_tag","embeddable":true,"href":"https:\/\/nerddebigode.com.br\/index.php?rest_route=%2Fwp%2Fv2%2Fproduct_tag&post=6997"}],"curies":[{"name":"wp","href":"https:\/\/api.w.org\/{rel}","templated":true}]}}