{"id":3418,"date":"2022-05-24T11:42:02","date_gmt":"2022-05-24T11:42:02","guid":{"rendered":"https:\/\/nerddebigode.com.br\/?post_type=product&#038;p=3418"},"modified":"2026-04-29T15:51:12","modified_gmt":"2026-04-29T15:51:12","slug":"berbil-ro-ber-bill","status":"publish","type":"product","link":"https:\/\/nerddebigode.com.br\/?product=berbil-ro-ber-bill","title":{"rendered":"BERBIL RO-BEAR BILL"},"content":{"rendered":"<h3>PRE-ORDER BERBILS<\/h3>\n<p>&nbsp;<\/p>\n<p>MODEL<\/p>\n<p><strong>RO-BEAR BILL<\/strong><\/p>\n<p>&nbsp;<\/p>\n<p>ALTURA<\/p>\n<p><strong>10cm<\/strong><\/p>\n<p>&nbsp;<\/p>\n<p>LUZ<br \/>\n<strong>luz led e bateria inclusa<\/strong><\/p>\n<p>&nbsp;<\/p>\n<p>ARTICULATION \/ ARTICULA\u00c7\u00c3O<br \/>\n<strong>cabe\u00e7a \u2022 bra\u00e7os \u2022 pernas<\/strong><\/p>\n<p>&nbsp;<\/p>\n<p>SHIPPING \/ ENVIO<br \/>\n<strong>20 dias \u00fateis<\/strong><\/p>\n\n    <div class=\"xs_social_share_widget xs_share_url after_content \t\tmain_content  wslu-style-1 wslu-share-box-shaped wslu-fill-colored wslu-none wslu-share-horizontal wslu-theme-font-no wslu-main_content\">\n\n\t\t\n        <ul>\n\t\t\t        <\/ul>\n    <\/div> \n","protected":false},"excerpt":{"rendered":"<p>L\u00edder da tribo Berbils do Terceiro Mundo, Ro-Bear Bill atua tanto como uma figura de autoridade gentil quanto como porta-voz de seu povo ao interagir com as outras ra\u00e7as no planeta adotivo dos Berbils. Ro-Bear Bill possui uma personalidade t\u00edpica de um Berbil, sendo amig\u00e1vel, generoso, atencioso e confi\u00e1vel. Como todos os Berbils, Ro-Bear Bill \u00e9 inteligente e trabalhador, e sempre um amigo fiel dos ThunderCats em momentos de necessidade.<\/p>\n","protected":false},"featured_media":6924,"comment_status":"open","ping_status":"closed","template":"","meta":[],"product_brand":[],"product_cat":[149,19],"product_tag":[],"class_list":{"0":"post-3418","1":"product","2":"type-product","3":"status-publish","4":"has-post-thumbnail","6":"product_cat-ofertas","7":"product_cat-thundercats","9":"first","10":"onbackorder","11":"shipping-taxable","12":"purchasable","13":"product-type-simple"},"_links":{"self":[{"href":"https:\/\/nerddebigode.com.br\/index.php?rest_route=\/wp\/v2\/product\/3418","targetHints":{"allow":["GET"]}}],"collection":[{"href":"https:\/\/nerddebigode.com.br\/index.php?rest_route=\/wp\/v2\/product"}],"about":[{"href":"https:\/\/nerddebigode.com.br\/index.php?rest_route=\/wp\/v2\/types\/product"}],"replies":[{"embeddable":true,"href":"https:\/\/nerddebigode.com.br\/index.php?rest_route=%2Fwp%2Fv2%2Fcomments&post=3418"}],"wp:featuredmedia":[{"embeddable":true,"href":"https:\/\/nerddebigode.com.br\/index.php?rest_route=\/wp\/v2\/media\/6924"}],"wp:attachment":[{"href":"https:\/\/nerddebigode.com.br\/index.php?rest_route=%2Fwp%2Fv2%2Fmedia&parent=3418"}],"wp:term":[{"taxonomy":"product_brand","embeddable":true,"href":"https:\/\/nerddebigode.com.br\/index.php?rest_route=%2Fwp%2Fv2%2Fproduct_brand&post=3418"},{"taxonomy":"product_cat","embeddable":true,"href":"https:\/\/nerddebigode.com.br\/index.php?rest_route=%2Fwp%2Fv2%2Fproduct_cat&post=3418"},{"taxonomy":"product_tag","embeddable":true,"href":"https:\/\/nerddebigode.com.br\/index.php?rest_route=%2Fwp%2Fv2%2Fproduct_tag&post=3418"}],"curies":[{"name":"wp","href":"https:\/\/api.w.org\/{rel}","templated":true}]}}